{"id":580,"date":"2024-01-23T23:24:18","date_gmt":"2024-01-23T22:24:18","guid":{"rendered":"http:\/\/lescollinesdepona.fr\/?page_id=580"},"modified":"2026-03-04T19:31:11","modified_gmt":"2026-03-04T18:31:11","slug":"ateliers-familiaux","status":"publish","type":"page","link":"https:\/\/lescollinesdepona.fr\/index.php\/ateliers-familiaux\/","title":{"rendered":"Ateliers EquiYoga LuJong des 5 \u00e9l\u00e9ments"},"content":{"rendered":"\n<div class=\"wp-block-group is-content-justification-center is-nowrap is-layout-flex wp-container-core-group-is-layout-94bc23d7 wp-block-group-is-layout-flex\">\n<figure class=\"wp-block-image size-medium\"><img loading=\"lazy\" decoding=\"async\" width=\"300\" height=\"198\" src=\"https:\/\/lescollinesdepona.fr\/wp-content\/uploads\/2026\/03\/NMI_LJ_LM09_Lu-Jong_2050_300dpi_CMYK-300x198.jpg\" alt=\"\" class=\"wp-image-991\" srcset=\"https:\/\/lescollinesdepona.fr\/wp-content\/uploads\/2026\/03\/NMI_LJ_LM09_Lu-Jong_2050_300dpi_CMYK-300x198.jpg 300w, https:\/\/lescollinesdepona.fr\/wp-content\/uploads\/2026\/03\/NMI_LJ_LM09_Lu-Jong_2050_300dpi_CMYK-1024x677.jpg 1024w, https:\/\/lescollinesdepona.fr\/wp-content\/uploads\/2026\/03\/NMI_LJ_LM09_Lu-Jong_2050_300dpi_CMYK-768x507.jpg 768w, https:\/\/lescollinesdepona.fr\/wp-content\/uploads\/2026\/03\/NMI_LJ_LM09_Lu-Jong_2050_300dpi_CMYK-1536x1015.jpg 1536w, https:\/\/lescollinesdepona.fr\/wp-content\/uploads\/2026\/03\/NMI_LJ_LM09_Lu-Jong_2050_300dpi_CMYK-2048x1353.jpg 2048w\" sizes=\"auto, (max-width: 300px) 100vw, 300px\" \/><\/figure>\n\n\n\n<figure class=\"wp-block-image size-medium\"><img loading=\"lazy\" decoding=\"async\" width=\"300\" height=\"293\" src=\"https:\/\/lescollinesdepona.fr\/wp-content\/uploads\/2026\/03\/Certified_Teacher_Five-Elements_Logo_CMYK_RZ-300x293.jpg\" alt=\"\" class=\"wp-image-989\" srcset=\"https:\/\/lescollinesdepona.fr\/wp-content\/uploads\/2026\/03\/Certified_Teacher_Five-Elements_Logo_CMYK_RZ-300x293.jpg 300w, https:\/\/lescollinesdepona.fr\/wp-content\/uploads\/2026\/03\/Certified_Teacher_Five-Elements_Logo_CMYK_RZ.jpg 566w\" sizes=\"auto, (max-width: 300px) 100vw, 300px\" \/><\/figure>\n\n\n\n<figure class=\"wp-block-image size-medium\"><img loading=\"lazy\" decoding=\"async\" width=\"300\" height=\"225\" src=\"https:\/\/lescollinesdepona.fr\/wp-content\/uploads\/2026\/03\/NMI_LJ_LM06_LuJong_Exercise2_Painting-300x225.jpg\" alt=\"\" class=\"wp-image-992\" srcset=\"https:\/\/lescollinesdepona.fr\/wp-content\/uploads\/2026\/03\/NMI_LJ_LM06_LuJong_Exercise2_Painting-300x225.jpg 300w, https:\/\/lescollinesdepona.fr\/wp-content\/uploads\/2026\/03\/NMI_LJ_LM06_LuJong_Exercise2_Painting-1024x768.jpg 1024w, https:\/\/lescollinesdepona.fr\/wp-content\/uploads\/2026\/03\/NMI_LJ_LM06_LuJong_Exercise2_Painting-768x576.jpg 768w, https:\/\/lescollinesdepona.fr\/wp-content\/uploads\/2026\/03\/NMI_LJ_LM06_LuJong_Exercise2_Painting-1536x1152.jpg 1536w, https:\/\/lescollinesdepona.fr\/wp-content\/uploads\/2026\/03\/NMI_LJ_LM06_LuJong_Exercise2_Painting-2048x1537.jpg 2048w\" sizes=\"auto, (max-width: 300px) 100vw, 300px\" \/><\/figure>\n<\/div>\n\n\n\n<p>Aux Collines d&#8217;Epona en ext\u00e9rieur et au G\u00eete des Collines en salle, venez d\u00e9couvrir nos ateliers EquiYoga LuJong des 5 \u00e9l\u00e9ments.<\/p>\n\n\n\n<ul class=\"wp-block-list\">\n<li>du printemps \u00e0 l&#8217;automne 1 fois par mois les ateliers Equi-Yoga LuJong des 5 \u00e9l\u00e9ments.<\/li>\n<\/ul>\n\n\n\n<p>3h pour se &#8220;re&#8221;connecter \u00e0 soi, \u00e0 la nature, au monde sensoriel de nos chevaux et poneys, dans un cadre panoramique inspirant et verdoyant: le monde des sens s&#8217;ouvre \u00e0 vous &#8230;<\/p>\n\n\n\n<p>En effectif r\u00e9duit, offrez-vous une parenth\u00e8se de bien-\u00eatre qui vous apportera s\u00e9r\u00e9nit\u00e9 et dynamisme, \u00e0 l&#8217;aide du Yoga LuJong des 5 \u00e9l\u00e9ments et de la pratique \u00e9questre au sol.<\/p>\n\n\n\n<p>Accessible sans pr\u00e9-requis, adultes et enfants \u00e0 partir de 9 ans, en famille, coll\u00e8gues ou amis. <\/p>\n\n\n\n<p>Afin de profiter au maximum des b\u00e9n\u00e9fices de l&#8217;activit\u00e9 port\u00e9e sur le retour au calme int\u00e9rieur pour tous, il est demand\u00e9 aux participants de respecter le calme environnant, tous les appareils \u00e9lectroniques mobiles sont proscrits pendant les s\u00e9ances. <\/p>\n\n\n\n<p>Contactez-nous pour plus d&#8217;informations sur les tarifs, prochaines sessions et r\u00e9server votre place (r\u00e9servation \u00e0 l&#8217;avance obligatoire).<\/p>\n\n\n\n<figure class=\"wp-block-image size-large\"><img loading=\"lazy\" decoding=\"async\" width=\"1024\" height=\"768\" src=\"http:\/\/lescollinesdepona.fr\/wp-content\/uploads\/2026\/01\/20251111_111324-1024x768.jpg\" alt=\"\" class=\"wp-image-901\" srcset=\"https:\/\/lescollinesdepona.fr\/wp-content\/uploads\/2026\/01\/20251111_111324-1024x768.jpg 1024w, https:\/\/lescollinesdepona.fr\/wp-content\/uploads\/2026\/01\/20251111_111324-300x225.jpg 300w, https:\/\/lescollinesdepona.fr\/wp-content\/uploads\/2026\/01\/20251111_111324-768x576.jpg 768w, https:\/\/lescollinesdepona.fr\/wp-content\/uploads\/2026\/01\/20251111_111324-1536x1152.jpg 1536w, https:\/\/lescollinesdepona.fr\/wp-content\/uploads\/2026\/01\/20251111_111324-2048x1536.jpg 2048w\" sizes=\"auto, (max-width: 1024px) 100vw, 1024px\" \/><\/figure>\n","protected":false},"excerpt":{"rendered":"<p>Aux Collines d&#8217;Epona en ext\u00e9rieur et au G\u00eete des Collines en salle, venez d\u00e9couvrir nos ateliers EquiYoga LuJong des 5 \u00e9l\u00e9ments. 3h pour se &#8220;re&#8221;connecter \u00e0 soi, \u00e0 la nature, au monde sensoriel de nos chevaux et poneys, dans un cadre panoramique inspirant et verdoyant: le monde des sens s&#8217;ouvre [&hellip;]<\/p>\n","protected":false},"author":1,"featured_media":0,"parent":0,"menu_order":0,"comment_status":"closed","ping_status":"closed","template":"","meta":{"_themeisle_gutenberg_block_has_review":false,"footnotes":""},"class_list":["post-580","page","type-page","status-publish","hentry"],"_links":{"self":[{"href":"https:\/\/lescollinesdepona.fr\/index.php\/wp-json\/wp\/v2\/pages\/580","targetHints":{"allow":["GET"]}}],"collection":[{"href":"https:\/\/lescollinesdepona.fr\/index.php\/wp-json\/wp\/v2\/pages"}],"about":[{"href":"https:\/\/lescollinesdepona.fr\/index.php\/wp-json\/wp\/v2\/types\/page"}],"author":[{"embeddable":true,"href":"https:\/\/lescollinesdepona.fr\/index.php\/wp-json\/wp\/v2\/users\/1"}],"replies":[{"embeddable":true,"href":"https:\/\/lescollinesdepona.fr\/index.php\/wp-json\/wp\/v2\/comments?post=580"}],"version-history":[{"count":11,"href":"https:\/\/lescollinesdepona.fr\/index.php\/wp-json\/wp\/v2\/pages\/580\/revisions"}],"predecessor-version":[{"id":994,"href":"https:\/\/lescollinesdepona.fr\/index.php\/wp-json\/wp\/v2\/pages\/580\/revisions\/994"}],"wp:attachment":[{"href":"https:\/\/lescollinesdepona.fr\/index.php\/wp-json\/wp\/v2\/media?parent=580"}],"curies":[{"name":"wp","href":"https:\/\/api.w.org\/{rel}","templated":true}]}}