{"id":867,"date":"2026-01-12T21:51:39","date_gmt":"2026-01-12T20:51:39","guid":{"rendered":"https:\/\/lescollinesdepona.fr\/?page_id=867"},"modified":"2026-03-06T12:22:40","modified_gmt":"2026-03-06T11:22:40","slug":"location-du-gite-detape-equestre-des-collines","status":"publish","type":"page","link":"https:\/\/lescollinesdepona.fr\/index.php\/location-du-gite-detape-equestre-des-collines\/","title":{"rendered":"Location du G\u00eete d&#8217;\u00e9tape \u00e9questre des Collines"},"content":{"rendered":"\n<div class=\"wp-block-group is-content-justification-center is-nowrap is-layout-flex wp-container-core-group-is-layout-94bc23d7 wp-block-group-is-layout-flex\">\n<figure class=\"wp-block-image size-medium\"><img loading=\"lazy\" decoding=\"async\" width=\"271\" height=\"300\" src=\"https:\/\/lescollinesdepona.fr\/wp-content\/uploads\/2026\/03\/logo-BAF-1-271x300.jpeg\" alt=\"\" class=\"wp-image-943\" srcset=\"https:\/\/lescollinesdepona.fr\/wp-content\/uploads\/2026\/03\/logo-BAF-1-271x300.jpeg 271w, https:\/\/lescollinesdepona.fr\/wp-content\/uploads\/2026\/03\/logo-BAF-1.jpeg 395w\" sizes=\"auto, (max-width: 271px) 100vw, 271px\" \/><\/figure>\n\n\n\n<figure class=\"wp-block-image size-medium\"><img loading=\"lazy\" decoding=\"async\" width=\"195\" height=\"300\" src=\"https:\/\/lescollinesdepona.fr\/wp-content\/uploads\/2026\/03\/Logo-Cheval-Etape-V1-1-195x300.jpg\" alt=\"\" class=\"wp-image-973\" srcset=\"https:\/\/lescollinesdepona.fr\/wp-content\/uploads\/2026\/03\/Logo-Cheval-Etape-V1-1-195x300.jpg 195w, https:\/\/lescollinesdepona.fr\/wp-content\/uploads\/2026\/03\/Logo-Cheval-Etape-V1-1-666x1024.jpg 666w, https:\/\/lescollinesdepona.fr\/wp-content\/uploads\/2026\/03\/Logo-Cheval-Etape-V1-1-768x1181.jpg 768w, https:\/\/lescollinesdepona.fr\/wp-content\/uploads\/2026\/03\/Logo-Cheval-Etape-V1-1.jpg 779w\" sizes=\"auto, (max-width: 195px) 100vw, 195px\" \/><\/figure>\n\n\n\n<figure class=\"wp-block-image size-medium\"><img loading=\"lazy\" decoding=\"async\" width=\"225\" height=\"300\" src=\"https:\/\/lescollinesdepona.fr\/wp-content\/uploads\/2026\/03\/20250914_164347-225x300.jpg\" alt=\"\" class=\"wp-image-995\" srcset=\"https:\/\/lescollinesdepona.fr\/wp-content\/uploads\/2026\/03\/20250914_164347-225x300.jpg 225w, https:\/\/lescollinesdepona.fr\/wp-content\/uploads\/2026\/03\/20250914_164347-768x1024.jpg 768w, https:\/\/lescollinesdepona.fr\/wp-content\/uploads\/2026\/03\/20250914_164347-1152x1536.jpg 1152w, https:\/\/lescollinesdepona.fr\/wp-content\/uploads\/2026\/03\/20250914_164347-1536x2048.jpg 1536w, https:\/\/lescollinesdepona.fr\/wp-content\/uploads\/2026\/03\/20250914_164347-scaled.jpg 1920w\" sizes=\"auto, (max-width: 225px) 100vw, 225px\" \/><\/figure>\n<\/div>\n\n\n\n<p><\/p>\n\n\n\n<p>A 1h de Toulouse, Auch, Tarbes, ou encore la station de ski du Mourtis, le long d\u2019une petite route paysag\u00e8re, venez vous ressourcer au <a href=\"https:\/\/www.legitedescollines-comminges.fr\/\">G\u00eete des Collines<\/a> en plein c\u0153ur du Comminges, en famille, entre amis, ou en \u00e9quipe, au calme, dans un cadre idyllique avec vue imprenable sur les sommets pyr\u00e9n\u00e9ens.<\/p>\n\n\n\n<p>A proximit\u00e9 imm\u00e9diate de la ferme \u00e9questre Les Collines d&#8217;Epona, dans une copropri\u00e9t\u00e9 \u00e9questre restaur\u00e9e datant du 19\u00e8m\u00e9 si\u00e8cle compos\u00e9e de 2 autres maisons mitoyennes ind\u00e9pendantes, au sein d\u2019un grand jardin arbor\u00e9, le g\u00eete confortable d\u2019une surface de 155m2 vous offre de nombreuses possibilit\u00e9s pour organiser de merveilleuses vacances, stages d\u2019activit\u00e9s \u00e9questres et de bien-\u00eatre, \u00e9v\u00e8nements familiaux ou entre amis, randonn\u00e9es avec vos chevaux.<\/p>\n\n\n\n<p>Les 2 tr\u00e8s grandes chambres-dortoirs sous poutres apparentes en toit cath\u00e9drale \u00e0 l\u2019\u00e9tage, la grande salle d&#8217;activit\u00e9s et le salon cosy au rez-de-chauss\u00e9e peuvent accueillir jusqu&#8217;\u00e0 10 personnes&nbsp;:<\/p>\n\n\n\n<ul class=\"wp-block-list\">\n<li>5 lits 1 place de 90cm offrant 5 couchages ind\u00e9pendants ou non, pouvant \u00eatre rassembl\u00e9s en lit 2 places de 180cm, avec matelas \u00e9pais en mousse confortable et sommier \u00e0 lattes,<\/li>\n\n\n\n<li>4 matelas \u00e9pais en mousse confortable 1 place de 90 cm suppl\u00e9mentaires,<\/li>\n\n\n\n<li>1 canap\u00e9 lit offrant un couchage 2 places de 140cm avec matelas \u00e9pais et confortable.<\/li>\n<\/ul>\n\n\n\n<p>2 grandes salles de bain avec douche et baignoire, 3 WC, de nombreux rangements, double-vitrage sur toutes les fen\u00eatres, volets \u00e9lectriques et en bois, chauffage central.<\/p>\n\n\n\n<p>Au rez-de-chauss\u00e9e, la grande cuisine am\u00e9ricaine, toute \u00e9quip\u00e9e avec de l\u2019\u00e9lectrom\u00e9nager r\u00e9cent (frigo, cuisini\u00e8re et four \u00e9lectrique, lave-vaisselle, bouilloire, grille-pain, \u2026), ouverte sur le s\u00e9jour offre des moments de partages conviviaux, tout en admirant la vue d\u00e9gag\u00e9e sur le jardin et les oiseaux gr\u00e2ce aux larges baies vitr\u00e9es.<\/p>\n\n\n\n<p>Une grande salle d\u2019activit\u00e9s d\u2019une surface de plus de 50m2 tout en parquet et poutres apparentes \u00e0 l\u2019\u00e9tage vous offre un large choix ludique et ressour\u00e7ant&nbsp;: salle de jeux, travail, yoga, lecture, dessin, peinture, g\u00e9ographie, danse, repas, cin\u00e9ma, etc \u2026 et fait le bonheur des petits et des grands&nbsp;!<\/p>\n\n\n\n<p>Une terrasse en bois devant la cuisine-s\u00e9jour, un balcon filant sur les chambres et la grande salle d\u2019activit\u00e9, le tout orient\u00e9 Est-Sud-Est pour profiter de magnifiques levers de soleil, 2 parkings pouvant accueillir plusieurs v\u00e9hicules, van ou camion de transport de chevaux, <\/p>\n\n\n\n<p>Ambiance de proximit\u00e9 calme, respectueuse du voisinage et de l\u2019environnement, conviviale et chaleureuse. Le charme de l\u2019ancien associ\u00e9 au confort de la r\u00e9novation, la qualit\u00e9 de vie \u00e0 la campagne \u00e0 proximit\u00e9 des commodit\u00e9s&nbsp;: coup de c\u0153ur assur\u00e9&nbsp;!<\/p>\n\n\n\n<p>1 grand pr\u00e9 arbor\u00e9 certifi\u00e9 AB cl\u00f4tur\u00e9 sur 3 fils avec \u00e9lectricit\u00e9 accueille vos \u00e9quid\u00e9s. <\/p>\n\n\n\n<p>Nos amis les animaux respectueux, \u00e9duqu\u00e9s et propres sont les bienvenus (nous demander \u00e0 la r\u00e9servation).<\/p>\n\n\n\n<p>Nombreux services, activit\u00e9s au village et alentours&nbsp;: poste, banque, cabinets m\u00e9dicaux, pharmacies, clinique v\u00e9t\u00e9rinaire, restauration, commerces et supermarch\u00e9s, \u00e9quitation, mus\u00e9e, march\u00e9s et vente directe de produits de la ferme, animations et associations, tourisme, sentiers de randonn\u00e9e (GR et PR), lacs et rivi\u00e8res, for\u00eat domaniale, cin\u00e9mas, tiers-lieu, brasseries, &#8230;<\/p>\n\n\n\n<p>A proximit\u00e9&nbsp;:<\/p>\n\n\n\n<ul class=\"wp-block-list\">\n<li>10mn d\u2019Aurignac, 15mn de Boulogne sur Gesse, 20 mn de l&#8217;Isle-en-Dodon, 25mn de Saint Gaudens<\/li>\n\n\n\n<li>20 mn des grands axes&nbsp;: A64, gare SNCF Boussens, aire co-voiturage Martres-Tolosane,<\/li>\n<\/ul>\n\n\n\n<p>Nous contacter pour toutes demandes de r\u00e9servation, tarifs, disponibilit\u00e9 et pour construire ensemble votre projet.<\/p>\n\n\n\n<figure class=\"wp-block-gallery has-nested-images columns-default is-cropped wp-block-gallery-1 is-layout-flex wp-block-gallery-is-layout-flex\">\n<figure class=\"wp-block-image size-large\"><img loading=\"lazy\" decoding=\"async\" width=\"1024\" height=\"768\" data-id=\"895\" src=\"https:\/\/lescollinesdepona.fr\/wp-content\/uploads\/2026\/01\/20240806_182648-1024x768.jpeg\" alt=\"\" class=\"wp-image-895\" srcset=\"https:\/\/lescollinesdepona.fr\/wp-content\/uploads\/2026\/01\/20240806_182648-1024x768.jpeg 1024w, https:\/\/lescollinesdepona.fr\/wp-content\/uploads\/2026\/01\/20240806_182648-300x225.jpeg 300w, https:\/\/lescollinesdepona.fr\/wp-content\/uploads\/2026\/01\/20240806_182648-768x576.jpeg 768w, https:\/\/lescollinesdepona.fr\/wp-content\/uploads\/2026\/01\/20240806_182648-1536x1152.jpeg 1536w, https:\/\/lescollinesdepona.fr\/wp-content\/uploads\/2026\/01\/20240806_182648-2048x1536.jpeg 2048w\" sizes=\"auto, (max-width: 1024px) 100vw, 1024px\" \/><\/figure>\n\n\n\n<figure class=\"wp-block-image size-large\"><img loading=\"lazy\" decoding=\"async\" width=\"768\" height=\"1024\" data-id=\"896\" src=\"https:\/\/lescollinesdepona.fr\/wp-content\/uploads\/2026\/01\/20240715_142358-768x1024.jpeg\" alt=\"\" class=\"wp-image-896\" srcset=\"https:\/\/lescollinesdepona.fr\/wp-content\/uploads\/2026\/01\/20240715_142358-768x1024.jpeg 768w, https:\/\/lescollinesdepona.fr\/wp-content\/uploads\/2026\/01\/20240715_142358-225x300.jpeg 225w, https:\/\/lescollinesdepona.fr\/wp-content\/uploads\/2026\/01\/20240715_142358-1152x1536.jpeg 1152w, https:\/\/lescollinesdepona.fr\/wp-content\/uploads\/2026\/01\/20240715_142358-1536x2048.jpeg 1536w, https:\/\/lescollinesdepona.fr\/wp-content\/uploads\/2026\/01\/20240715_142358-scaled.jpeg 1920w\" sizes=\"auto, (max-width: 768px) 100vw, 768px\" \/><\/figure>\n<\/figure>\n\n\n\n<div class=\"wp-block-group is-nowrap is-layout-flex wp-container-core-group-is-layout-ad2f72ca wp-block-group-is-layout-flex\">\n<div class=\"wp-block-columns is-layout-flex wp-container-core-columns-is-layout-9d6595d7 wp-block-columns-is-layout-flex\">\n<div class=\"wp-block-column is-layout-flow wp-block-column-is-layout-flow\" style=\"flex-basis:100%\">\n<figure class=\"wp-block-gallery has-nested-images columns-default is-cropped wp-block-gallery-2 is-layout-flex wp-block-gallery-is-layout-flex\">\n<figure class=\"wp-block-image size-large\"><img loading=\"lazy\" decoding=\"async\" width=\"768\" height=\"1024\" data-id=\"710\" src=\"https:\/\/lescollinesdepona.fr\/wp-content\/uploads\/2024\/05\/20240328_175312-768x1024.jpg\" alt=\"\" class=\"wp-image-710\" srcset=\"https:\/\/lescollinesdepona.fr\/wp-content\/uploads\/2024\/05\/20240328_175312-768x1024.jpg 768w, https:\/\/lescollinesdepona.fr\/wp-content\/uploads\/2024\/05\/20240328_175312-225x300.jpg 225w, https:\/\/lescollinesdepona.fr\/wp-content\/uploads\/2024\/05\/20240328_175312-1152x1536.jpg 1152w, https:\/\/lescollinesdepona.fr\/wp-content\/uploads\/2024\/05\/20240328_175312-1536x2048.jpg 1536w, https:\/\/lescollinesdepona.fr\/wp-content\/uploads\/2024\/05\/20240328_175312-scaled.jpg 1920w\" sizes=\"auto, (max-width: 768px) 100vw, 768px\" \/><\/figure>\n<\/figure>\n<\/div>\n<\/div>\n\n\n\n<figure class=\"wp-block-image size-large\"><img loading=\"lazy\" decoding=\"async\" width=\"1024\" height=\"768\" src=\"http:\/\/lescollinesdepona.fr\/wp-content\/uploads\/2026\/01\/20251006_094802-1024x768.jpg\" alt=\"\" class=\"wp-image-892\" srcset=\"https:\/\/lescollinesdepona.fr\/wp-content\/uploads\/2026\/01\/20251006_094802-1024x768.jpg 1024w, https:\/\/lescollinesdepona.fr\/wp-content\/uploads\/2026\/01\/20251006_094802-300x225.jpg 300w, https:\/\/lescollinesdepona.fr\/wp-content\/uploads\/2026\/01\/20251006_094802-768x576.jpg 768w, https:\/\/lescollinesdepona.fr\/wp-content\/uploads\/2026\/01\/20251006_094802-1536x1152.jpg 1536w, https:\/\/lescollinesdepona.fr\/wp-content\/uploads\/2026\/01\/20251006_094802-2048x1536.jpg 2048w\" sizes=\"auto, (max-width: 1024px) 100vw, 1024px\" \/><\/figure>\n<\/div>\n\n\n\n<div class=\"wp-block-group is-nowrap is-layout-flex wp-container-core-group-is-layout-ad2f72ca wp-block-group-is-layout-flex\">\n<figure class=\"wp-block-image size-large\"><img loading=\"lazy\" decoding=\"async\" width=\"1024\" height=\"768\" src=\"https:\/\/lescollinesdepona.fr\/wp-content\/uploads\/2026\/01\/20251006_095005-1024x768.jpg\" alt=\"\" class=\"wp-image-893\" srcset=\"https:\/\/lescollinesdepona.fr\/wp-content\/uploads\/2026\/01\/20251006_095005-1024x768.jpg 1024w, https:\/\/lescollinesdepona.fr\/wp-content\/uploads\/2026\/01\/20251006_095005-300x225.jpg 300w, https:\/\/lescollinesdepona.fr\/wp-content\/uploads\/2026\/01\/20251006_095005-768x576.jpg 768w, https:\/\/lescollinesdepona.fr\/wp-content\/uploads\/2026\/01\/20251006_095005-1536x1152.jpg 1536w, https:\/\/lescollinesdepona.fr\/wp-content\/uploads\/2026\/01\/20251006_095005-2048x1536.jpg 2048w\" sizes=\"auto, (max-width: 1024px) 100vw, 1024px\" \/><\/figure>\n\n\n\n<figure class=\"wp-block-image size-large\"><img loading=\"lazy\" decoding=\"async\" width=\"768\" height=\"1024\" src=\"https:\/\/lescollinesdepona.fr\/wp-content\/uploads\/2026\/01\/20231211_134726-768x1024.jpeg\" alt=\"\" class=\"wp-image-894\" srcset=\"https:\/\/lescollinesdepona.fr\/wp-content\/uploads\/2026\/01\/20231211_134726-768x1024.jpeg 768w, https:\/\/lescollinesdepona.fr\/wp-content\/uploads\/2026\/01\/20231211_134726-225x300.jpeg 225w, https:\/\/lescollinesdepona.fr\/wp-content\/uploads\/2026\/01\/20231211_134726-1152x1536.jpeg 1152w, https:\/\/lescollinesdepona.fr\/wp-content\/uploads\/2026\/01\/20231211_134726-1536x2048.jpeg 1536w, https:\/\/lescollinesdepona.fr\/wp-content\/uploads\/2026\/01\/20231211_134726-scaled.jpeg 1920w\" sizes=\"auto, (max-width: 768px) 100vw, 768px\" \/><\/figure>\n<\/div>\n","protected":false},"excerpt":{"rendered":"<p>A 1h de Toulouse, Auch, Tarbes, ou encore la station de ski du Mourtis, le long d\u2019une petite route paysag\u00e8re, venez vous ressourcer au G\u00eete des Collines en plein c\u0153ur du Comminges, en famille, entre amis, ou en \u00e9quipe, au calme, dans un cadre idyllique avec vue imprenable sur les [&hellip;]<\/p>\n","protected":false},"author":1,"featured_media":0,"parent":0,"menu_order":0,"comment_status":"closed","ping_status":"closed","template":"","meta":{"_themeisle_gutenberg_block_has_review":false,"footnotes":""},"class_list":["post-867","page","type-page","status-publish","hentry"],"_links":{"self":[{"href":"https:\/\/lescollinesdepona.fr\/index.php\/wp-json\/wp\/v2\/pages\/867","targetHints":{"allow":["GET"]}}],"collection":[{"href":"https:\/\/lescollinesdepona.fr\/index.php\/wp-json\/wp\/v2\/pages"}],"about":[{"href":"https:\/\/lescollinesdepona.fr\/index.php\/wp-json\/wp\/v2\/types\/page"}],"author":[{"embeddable":true,"href":"https:\/\/lescollinesdepona.fr\/index.php\/wp-json\/wp\/v2\/users\/1"}],"replies":[{"embeddable":true,"href":"https:\/\/lescollinesdepona.fr\/index.php\/wp-json\/wp\/v2\/comments?post=867"}],"version-history":[{"count":7,"href":"https:\/\/lescollinesdepona.fr\/index.php\/wp-json\/wp\/v2\/pages\/867\/revisions"}],"predecessor-version":[{"id":1015,"href":"https:\/\/lescollinesdepona.fr\/index.php\/wp-json\/wp\/v2\/pages\/867\/revisions\/1015"}],"wp:attachment":[{"href":"https:\/\/lescollinesdepona.fr\/index.php\/wp-json\/wp\/v2\/media?parent=867"}],"curies":[{"name":"wp","href":"https:\/\/api.w.org\/{rel}","templated":true}]}}